t q = g + v. Is q prime?
False
Let n be (-685)/(-10) - (-2)/(-4). Is n/8 - 3/(-2) a composite number?
True
Let g = 87 - -39. Suppose 72 = 3*m - g. Suppose -2*y - y - 29 = -2*c, 0 = 5*c - y - m. Is c a prime number?
True
Let x = -11 - -13. Suppose x*p - 276 = -2*p. Is p a prime number?
False
Let k = 7 - 5. Suppose -5*j = -k*j - 171. Let c = j - 23. Is c composite?
True
Let j = 1 - -1. Is 74*(3/j - 1) a composite number?
False
Let x(v) = 7*v**2 - 1. Let n(o) = 15*o**2 + o - 1. Let q(k) = -4*n(k) + 9*x(k). Let h be (-4)/14 - (-120)/(-21). Is q(h) prime?
True
Suppose -4*h = -0*h - 276. Let j = -32 + h. Is j composite?
False
Let w be 2/5 + (-52)/(-20). Suppose -5*d = 2*r - 0*d - 6, 3*r - 9 = -w*d. Suppose 4*c = 3*g + 107, 4*g = r*c - 2*c - 43. Is c a composite number?
False
Suppose 273 + 918 = 3*s. Is s composite?
False
Let f = 13 - 8. Suppose -f*w = 5*y - 10 - 120, 5*w = -4*y + 105. Is y composite?
True
Let y(c) be the second derivative of 131*c**4/12 + c**3/6 - c**2/2 - 10*c. Is y(1) prime?
True
Let v be 6/3*6219/6. Suppose -2*z = z - v. Is z composite?
False
Suppose 3*t - 7*t + 2253 = 5*g, -4*t + 1355 = 3*g. Is g a composite number?
False
Let t(q) = 7*q - 2. Let p(m) = m**2 - m. Let o be p(1). Suppose o = -3*b + 3*u - 0*u + 6, 3*b + 4*u = 13. Is t(b) prime?
True
Suppose -q - 1 = 5. Let t(o) = 3 + 1 + 9*o + o**3 - o + 8*o**2 - 2. Is t(q) a prime number?
False
Let i be 2/(6/(-3))*-3. Let m(g) = 4*g**2 - 2*g + 1. Is m(i) composite?
False
Let k(y) = -y - 5. Let t be k(-5). Suppose 5*a - 195 = -t*a. Is a a composite number?
True
Suppose 0 = 3*d - 14 + 2. Let i be (10/8)/(1/d). Suppose 4*p + 2*q - 56 = q, 0 = i*q. Is p prime?
False
Suppose -3*k = 5*b - 8056 + 1242, 4*b = -k + 5447. Is b a prime number?
True
Suppose 8*m + 5 = 3*m. Let t(n) = -2 - 6*n**3 - 34*n**3 + 1. Is t(m) a composite number?
True
Suppose -h = 2 - 8. Let k(f) = 4*f**2 - 3*f + 15. Is k(h) a prime number?
False
Let i be ((-224)/(-1))/2 - 0. Suppose 2*r + 2*u - 4*u = i, -121 = -2*r + 5*u. Is r a prime number?
True
Let r = -20 + 87. Is r prime?
True
Let m be (40/25)/(2/5). Suppose -m*y - 7 + 19 = 0. Is y a prime number?
True
Let f(m) = -2*m**2 - 1. Suppose -1 = -3*z - o - 0, 4*z + 12 = -4*o. Let r be f(z). Is (-11)/((-6)/r + -1) composite?
True
Let w(n) = -n + 14. Let b be w(7). Let t = b + -4. Suppose -q + t*q - 26 = 0. Is q a prime number?
True
Suppose 108 = -3*g - 3*a - a, -g = -3*a + 49. Let n = g - 66. Is (n/6)/((-4)/12) a prime number?
True
Suppose 5*i - 5697 - 8238 = 0. Is i composite?
True
Suppose -2 = y + y. Let s(v) = 4*v + 0 - 25*v + 1. Is s(y) a prime number?
False
Let r be (-3)/12*-2*-2. Let y = 17 - r. Is (-4)/y - (-1426)/18 a prime number?
True
Suppose 2*y - 5*d = 158, 0*y - 2*d - 81 = -y. Is y a composite number?
False
Let a = -5 + 11. Let i be ((-74)/a)/(3/(-9)). Let p = i + -23. Is p a composite number?
True
Let b(p) = 21*p + 11. Is b(16) a composite number?
False
Suppose -4*m + 3*q = -7, -4*m + 2*m + 3*q - 1 = 0. Suppose 3*k - m*k = 0. Is (9 + 2 - k)*1 a prime number?
True
Suppose -488 - 384 = -4*c - 4*d, -219 = -c - 2*d. Is c a prime number?
False
Suppose -3*x + 5905 = a, 0 = 3*x + 3*a - a - 5903. Is x composite?
True
Is -356*4/(16/(-7)) composite?
True
Let y(r) = r**3 + 10*r**2 - 2*r + 1. Let m be 4/18*-3*-3. Let v be 5/m*-1*4. Is y(v) composite?
True
Suppose 3*z - 15 - 3 = 0. Let j = 9 - z. Suppose -2*u - 25 = -4*c - j*u, 13 = c - 2*u. Is c prime?
True
Let g be 9 - 0/(-1) - -1. Is 3/5 + 224/g composite?
False
Is 1112/3 - (-4)/12 prime?
False
Suppose -3*p + 11 = -o + 1, -2*o + 30 = 4*p. Suppose 201 = v + 2*v - 5*m, -v + o*m = -67. Is v a composite number?
False
Is 475/9 + 2/9 composite?
False
Let h be 0 - (-12)/((-3)/(-1)). Suppose 27 - 211 = -h*c. Is c composite?
True
Suppose 28 = -0*f + f. Is (-4)/(-14) - (-3548)/f composite?
False
Let s(g) = 10*g**2 - 2*g**3 - 3*g + g**3 - 8 - 4*g. Let a(k) = 8*k**3 + k**2. Let c be a(1). Is s(c) a prime number?
False
Let c be (-1*(0 + 1))/(-1). Suppose -2*m = -0 + 4. Is c/m*-2 + 36 composite?
False
Let u(o) = -o**3 - 5*o**2 - 2*o + 9. Let q be u(-4). Let f = 21 + -15. Let m = f + q. Is m a composite number?
False
Let t = -1 + -4. Let p(x) = -9*x + 1. Is p(t) a prime number?
False
Let q = 12 - 7. Suppose 0 = 5*i - 5 - q. Suppose 215 = -i*z + 7*z. Is z a prime number?
True
Is 2/8 - 918/(-8) a prime number?
False
Let x = 1 - 7. Let c = x + 117. Suppose c = -2*q + 365. Is q a prime number?
True
Let z(f) = 19*f + 1. Let m be 1/(-3)*(-6)/1. Suppose 0 = o + m - 4. Is z(o) composite?
True
Let h = 1 + -2. Let k(w) = -w - 1. Let a be k(6). Is h/2 + a/(-2) a prime number?
True
Let v(x) = x - 3. Let w be v(3). Suppose 6*p - p - 55 = w. Is p a composite number?
False
Suppose 12 = -3*b + 4*b. Suppose -b = -k - 3*k. Is (k/4)/(2/248) prime?
False
Let f(z) = z**3 + 7*z**2 + 3. Let n(r) = r**2 - 7*r - 1. Let c be n(6). Let b be f(c). Suppose 206 = 3*a + 5*d + 24, -5*a + 360 = -b*d. Is a a composite number?
True
Suppose -11 = -5*h + 9. Let r = -3 + 23. Suppose -o + 6 = o + 2*m, -h*o = 2*m - r. Is o a prime number?
True
Suppose s + 0 = -6. Let n = 2 + s. Is (-80)/(-6) + n/(-6) a composite number?
True
Suppose 0 = -5*r - 4*i + 399 + 1075, -3*r - i = -890. Is r prime?
False
Suppose 3*b - 2 = b. Let w = b + -1. Suppose 0 = 2*l + 2*l - 3*n - 357, w = -5*l + n + 460. Is l prime?
False
Let w be (-54)/21*28/6. Is (-2279)/(-9) - w/(-54) a prime number?
False
Is ((-5)/(-1) - 1) + 5659 a prime number?
False
Suppose 361 + 67 = 2*n. Is n a prime number?
False
Suppose 0 = -13*c + 7*c + 8634. Is c a prime number?
True
Suppose 8 = n - r, -4*n + r + 3 = -17. Let j = 0 + n. Suppose 2*k = -j*m + 496, 0 = 6*m - 3*m + 5*k - 379. Is m composite?
True
Let d(x) = -x - 1. Let w be d(-3). Suppose 0 = -m + 178 - 44. Suppose -m + 40 = -w*h. Is h a composite number?
False
Suppose -11 = -5*x + 3*f + 2, -5*x - 4*f + 6 = 0. Suppose n + 116 = 2*l, -2*l = -7*l - x*n + 299. Is l prime?
True
Suppose -h = -0*h - 19. Let d be (128/(-12))/(1*1/(-3)). Let o = d - h. Is o a prime number?
True
Suppose 5*o - 496 = 4*h, 2*o + 2*h = -3*h + 205. Suppose 5*r - o - 75 = 0. Is r prime?
False
Suppose -5*j + 0*o + 3*o + 5990 = 0, -4*j + 4775 = o. Is j a prime number?
False
Let k(d) = -11*d**3 - d**2 + 3*d - 3. Is k(-4) a composite number?
False
Suppose -3*g = -6, z - 2*z + 572 = -4*g. Let q = z + -395. Is q composite?
True
Let p = 52 + 75. Is p prime?
True
Let u be (2032 - -2) + -1 + -1. Is (u/24)/((-4)/(-6)) a composite number?
False
Let s(w) = 2*w**2 - 16*w + 25. Is s(11) composite?
True
Suppose -6*y + y = -10. Suppose 4*u - 71 = -5*h, -u + y*u = 5*h + 24. Is u prime?
True
Let v = -410 + 580. Suppose 0 = -5*i + 925 + v. Is i composite?
True
Is 3 + -1 + (-398)/(-2) a prime number?
False
Suppose 2*h = -2*h - 20. Let l = h + 15. Is l composite?
True
Suppose 5*o + 247 = 2*w, 4*o = 4*w + w - 643. Is w a prime number?
True
Let j = -39 - -74. Is j composite?
True
Let p = -18 - -13. Let h(d) = 21*d**2 - d + 6. Let i(b) = 32*b**2 - 2*b + 9. Let u(f) = p*i(f) + 8*h(f). Is u(-2) a composite number?
False
Let v be ((-520)/(-25))/((-1)/5). Let p = -69 - v. Is p prime?
False
Let q be 9/((-6)/2) + -1. Let p(d) = -18*d - 1. Is p(q) composite?
False
Suppose 3*n - n = 4. Suppose q - 5*q = -3*c + 247, n*c - 166 = 2*q. Is c a composite number?
True
Suppose 10 = -3*m + 25. Suppose -2*r - 175 = -m*u - 0*r, 4*r - 79 = -3*u. Is u composite?
True
Suppose -4*s + 6 = -s. Let p be 0 - s - 2*-2. Suppose -2 = -p*f + 6, 68 = 4*h - 2*f. Is h a composite number?
False
Suppose -8*k + 3*k + 387 = -3*x, 5*k - 355 = -5*x. Let b = k - 53. Suppose -3*g + g + b = 0. Is g prime?
True
Suppose -5*a + 1420 = -a. Is a prime?
False
Let r(u) = 20*u + 9. Is r(4) a composite number?
False
Suppose 7 = 3*j - 2. Suppose -p + j*p = 74. Is p a prime number?
True
Let l be 1*-2 + -2 + 4. Suppose l = -w + 2*w + 9. Is 1 - 3/(w/60) composite?
True
Let n(f) = -f**3 - 6*f**2 + 4*f + 4. Let g = -3 + -2. Let t be n(g). Let d = 74 + t. Is d a prime number?
False
Is 2/(-4 - 90/(-21)) prime?
True
Suppose 4*x + 0*x = 8. Suppose -5*z = -x - 63. Is z composite?
False
Let d be ((4 - 2)*-1)/(-1). Suppose 86 = 2*p + q, -p - 9 = -d*q - 57. Suppose -x + 41 = -p. Is x a composite number?
True
Suppose c + 6163 = 5*a + 795, -2*a = -c - 2149. Is a composite?
True
Sup